{"id":25,"date":"2018-09-08T12:20:45","date_gmt":"2018-09-08T12:20:45","guid":{"rendered":"https:\/\/lsc-leipzig.de\/?page_id=25"},"modified":"2020-12-06T14:33:18","modified_gmt":"2020-12-06T14:33:18","slug":"ueber-uns","status":"publish","type":"page","link":"https:\/\/lsc-leipzig.de\/index.php\/ueber-uns\/","title":{"rendered":"\u00dcber uns"},"content":{"rendered":"<p><img data-recalc-dims=\"1\" loading=\"lazy\" decoding=\"async\" data-attachment-id=\"268\" data-permalink=\"https:\/\/lsc-leipzig.de\/index.php\/ueber-uns\/lsc_small-2\/\" data-orig-file=\"https:\/\/i0.wp.com\/lsc-leipzig.de\/wp-content\/uploads\/2018\/09\/LSC_small-1.png?fit=837%2C595&amp;ssl=1\" data-orig-size=\"837,595\" data-comments-opened=\"0\" data-image-meta=\"{&quot;aperture&quot;:&quot;0&quot;,&quot;credit&quot;:&quot;&quot;,&quot;camera&quot;:&quot;&quot;,&quot;caption&quot;:&quot;&quot;,&quot;created_timestamp&quot;:&quot;0&quot;,&quot;copyright&quot;:&quot;&quot;,&quot;focal_length&quot;:&quot;0&quot;,&quot;iso&quot;:&quot;0&quot;,&quot;shutter_speed&quot;:&quot;0&quot;,&quot;title&quot;:&quot;&quot;,&quot;orientation&quot;:&quot;0&quot;}\" data-image-title=\"LSC_small\" data-image-description=\"\" data-image-caption=\"\" data-medium-file=\"https:\/\/i0.wp.com\/lsc-leipzig.de\/wp-content\/uploads\/2018\/09\/LSC_small-1.png?fit=300%2C213&amp;ssl=1\" data-large-file=\"https:\/\/i0.wp.com\/lsc-leipzig.de\/wp-content\/uploads\/2018\/09\/LSC_small-1.png?fit=525%2C373&amp;ssl=1\" class=\"alignnone size-medium wp-image-268\" src=\"https:\/\/i0.wp.com\/lsc-leipzig.de\/wp-content\/uploads\/2018\/09\/LSC_small-1.png?resize=300%2C213&#038;ssl=1\" alt=\"\" width=\"300\" height=\"213\" srcset=\"https:\/\/i0.wp.com\/lsc-leipzig.de\/wp-content\/uploads\/2018\/09\/LSC_small-1.png?resize=300%2C213&amp;ssl=1 300w, https:\/\/i0.wp.com\/lsc-leipzig.de\/wp-content\/uploads\/2018\/09\/LSC_small-1.png?resize=768%2C546&amp;ssl=1 768w, https:\/\/i0.wp.com\/lsc-leipzig.de\/wp-content\/uploads\/2018\/09\/LSC_small-1.png?w=837&amp;ssl=1 837w\" sizes=\"auto, (max-width: 300px) 100vw, 300px\" \/><\/p>\n<p>Der\u00a0Leipziger Seesportclub e.V.\u00a0(LSC) wurde im Mai 1990 als selbst\u00e4ndig wirtschaftender Verein mit damals 48 Mitgliedern gegr\u00fcndet. Die Wurzeln gehen jedoch bis in die 50er Jahre zur\u00fcck. Heute sind es gut 85 seesportbegeisterte Sportfreundinnen und Sportfreunde im Alter von 7 bis 71 Jahren, die dem LSC angeh\u00f6ren und ihn aktiv mitgestalten.<\/p>\n<p>Auf dem Vereinsgel\u00e4nde am ehemaligen Elsterstausee sowie auf dem Hafengel\u00e4nde am Cospudener See steht der\u00a0<a href=\"https:\/\/lsc-leipzig.de\/index.php\/seesport\/\">Seesport<\/a>\u00a0im Mittelpunkt aller Aktivit\u00e4ten. Dabei wird nicht nur gesegelt, sondern auch gerudert und Seesport-Mehrkampf betrieben. Der Verein und die einzelnen Sportler des LSC k\u00f6nnen hier schon viele Erfolge vorweisen &#8211; &#8211; u.a. Landesmeister- und Deutsche Meistertitel sowie die Teilnahme an<br \/>\ninternationalen Meisterschaften. Dar\u00fcber hinaus organisiert der LSC unter anderem ein Sommersegellager, seesportfachliche Ausbildungskurse und Projekttage f\u00fcr Schulklassen. Auch die im Rahmen des Ferienprogramms der Stadt Leipzig regelm\u00e4\u00dfig angebotenen Schnupperkurse sind sehr beliebt.<\/p>\n<p>Ob beim Grillen, am Lagerfeuer, bei Arbeitseins\u00e4tzen oder zur Weihnachtsfeier &#8230; neben dem Seesport mit seinen einzelnen Disziplinen kommen auch Gemeinschaft und Geselligkeit nicht zu kurz.<\/p>\n<p>Mehr zur Geschichte des Vereins:<a href=\"https:\/\/lsc-leipzig.de\/wp-content\/uploads\/2018\/09\/20_Jahre_LSC_e.V..pdf\"> 20 Jahre Leipziger Seesportclub e.V.<\/a><\/p>\n","protected":false},"excerpt":{"rendered":"<p>Der\u00a0Leipziger Seesportclub e.V.\u00a0(LSC) wurde im Mai 1990 als selbst\u00e4ndig wirtschaftender Verein mit damals 48 Mitgliedern gegr\u00fcndet. Die Wurzeln gehen jedoch bis in die 50er Jahre zur\u00fcck. Heute sind es gut 85 seesportbegeisterte Sportfreundinnen und Sportfreunde im Alter von 7 bis 71 Jahren, die dem LSC angeh\u00f6ren und ihn aktiv mitgestalten. Auf dem Vereinsgel\u00e4nde am ehemaligen &hellip; <\/p>\n<p class=\"link-more\"><a href=\"https:\/\/lsc-leipzig.de\/index.php\/ueber-uns\/\" class=\"more-link\"><span class=\"screen-reader-text\">\u201e\u00dcber uns\u201c<\/span> weiterlesen<\/a><\/p>\n","protected":false},"author":1,"featured_media":0,"parent":0,"menu_order":0,"comment_status":"closed","ping_status":"closed","template":"","meta":{"_view_id":"","jetpack_post_was_ever_published":false,"footnotes":""},"class_list":["post-25","page","type-page","status-publish","hentry"],"jetpack_sharing_enabled":true,"jetpack_shortlink":"https:\/\/wp.me\/PapJvP-p","jetpack-related-posts":[],"_links":{"self":[{"href":"https:\/\/lsc-leipzig.de\/index.php\/wp-json\/wp\/v2\/pages\/25","targetHints":{"allow":["GET"]}}],"collection":[{"href":"https:\/\/lsc-leipzig.de\/index.php\/wp-json\/wp\/v2\/pages"}],"about":[{"href":"https:\/\/lsc-leipzig.de\/index.php\/wp-json\/wp\/v2\/types\/page"}],"author":[{"embeddable":true,"href":"https:\/\/lsc-leipzig.de\/index.php\/wp-json\/wp\/v2\/users\/1"}],"replies":[{"embeddable":true,"href":"https:\/\/lsc-leipzig.de\/index.php\/wp-json\/wp\/v2\/comments?post=25"}],"version-history":[{"count":8,"href":"https:\/\/lsc-leipzig.de\/index.php\/wp-json\/wp\/v2\/pages\/25\/revisions"}],"predecessor-version":[{"id":1487,"href":"https:\/\/lsc-leipzig.de\/index.php\/wp-json\/wp\/v2\/pages\/25\/revisions\/1487"}],"wp:attachment":[{"href":"https:\/\/lsc-leipzig.de\/index.php\/wp-json\/wp\/v2\/media?parent=25"}],"curies":[{"name":"wp","href":"https:\/\/api.w.org\/{rel}","templated":true}]}}